me factors of a(21)?
7, 83
Let r = 32 + -49. Let v = 21 + r. Suppose 4*z + v*f - 165 = -9, -4*z = f - 159. List the prime factors of z.
2, 5
Let v(l) = l + 21. Let m be v(-26). List the prime factors of m/30*-159*6.
3, 53
Let a(g) be the first derivative of -4/3*g**3 - 11 + 1/4*g**4 - 3*g**2 + 8*g. List the prime factors of a(6).
2, 11
Suppose 2 = 6*r + 50. Let f(g) be the first derivative of -6*g**2 + 47*g + 15. List the prime factors of f(r).
11, 13
Let g(h) = 73*h - 46. Let d(q) = 74*q - 45. Let u(l) = 3*d(l) - 2*g(l). List the prime factors of u(11).
13, 61
Let u(v) = v**3 - 12*v**2 + 11*v + 11. Let c be u(8). Let g = 100 - c. What are the prime factors of g?
257
Let q = 4157 - 2974. What are the prime factors of q?
7, 13
Let p(d) = d**2 + 3*d + 18. Let a = -21 + 27. Let u be p(a). Let i = u - -28. List the prime factors of i.
2, 5
Let j(f) = 8*f**2 - 11*f + 1164. List the prime factors of j(29).
7573
Let w(k) = -k - 12. Let s be w(-12). Suppose 0*a + 2*a - 3*b - 51 = s, -5*b = 2*a - 11. Let n = 88 - a. What are the prime factors of n?
2, 5, 7
Let n be (-4)/10*14 + (-104)/260. What are the prime factors of n + 0 + (-8610)/(-7)?
2, 3, 17
Suppose -4*x = -5*t - 193, 2*t = -3*x - x + 186. Let y = x + -38. Suppose 98 = -7*n + y*n. What are the prime factors of n?
7
Let j be ((-3)/2)/(39/(-910)). Suppose 3*g = 10 + j. List the prime factors of 51/(-15) - -3 - (-81)/g.
5
Let h(n) = -n**2 + 6*n - 1. Let l be h(5). Suppose t - 529 = -l*t + 3*g, -432 = -4*t - 2*g. Suppose 27 = w - t. What are the prime factors of w?
2, 67
Let v(c) = c**2 + 7*c + 22. Let l be v(-6). Suppose -8*g + 4*p = -4*g + l, 9 = -4*g - 3*p. List the prime factors of (-26)/(g/6*(1 - -3)).
13
Let y = 0 + 1. Let w be (3/(-3))/(((-12)/8)/3). What are the prime factors of w - y/(-1) - 42/(-21)?
5
Suppose i + 3 = 0, i = 3*n + 4*i - 417. List the prime factors of n/3*(57/6 - 8).
71
Suppose -5*x - 5*p + 34110 = 0, -4*x - 3*p = 8066 - 35354. List the prime factors of x.
2, 3, 379
List the prime factors of ((-11886)/36*-3)/((-6)/(-36)).
3, 7, 283
Let j(k) = -5*k**3 - 26*k**2 - 19*k - 24. Let i(c) = c**3 + c. Let r(v) = -6*i(v) - j(v). What are the prime factors of r(26)?
2, 181
Let s be 654/4*4/(-3)*-1. Let k = -322 + s. Let y = k - -212. List the prime factors of y.
2, 3
List the prime factors of 1349/71 - -19568*1.
3, 6529
Let j(u) = -53*u**3 + 2*u**2 + 6*u + 5. Let p be j(-4). Suppose -6783 = -4*t + 16*x - 17*x, -2*t - 5*x = -p. List the prime factors of t.
3, 5, 113
Let y(r) = 990*r - 3678. List the prime factors of y(20).
2, 3, 2687
Let c(t) = 115*t + 5 + 309*t - 1 + 4 - 4. List the prime factors of c(2).
2, 3, 71
Let o be -258*(-45)/(-12)*-2. Suppose 0 = -4*f + d + o, 3*f = d - 586 + 2038. What are the prime factors of f?
3, 7, 23
Let a = 22890 + -5727. What are the prime factors of a?
3, 1907
Let v(u) = -365*u + 744. List the prime factors of v(-11).
4759
What are the prime factors of -5 + 29776 + -2 + 15?
2, 3, 17, 73
Let m(x) be the second derivative of 5*x**4/12 + 13*x**3/6 + 58*x**2 + 2*x + 177. What are the prime factors of m(-12)?
2, 5, 17
Suppose 13*o + 5*o = -31*o + 34104. List the prime factors of o.
2, 3, 29
Let b = -15 - -25. Suppose -13*j = -8*j - b. Suppose -4*n + j*q + 12 + 290 = 0, 0 = -5*n + 4*q + 370. What are the prime factors of n?
2, 3, 13
Suppose -2*v + 877 = -v + 3*o, 3*v = -o + 2655. Let y = v + -868. List the prime factors of y.
2, 3
Suppose 12 = 3*m, -2*v + v + 20374 = -2*m. List the prime factors of v.
2, 3, 43, 79
Let p(i) = 4*i**2 - 44*i - 19. Let c be p(13). Let d = -79 + c. Suppose -w + d*w = 580. List the prime factors of w.
2, 29
Let c(g) = 3*g + 1. Let p be c(0). Let n be (-221)/52 - (-2)/(8/p). What are the prime factors of 160/(1*n)*(-12)/10?
2, 3
Let l = -29 - -40. Let v(b) = b - 36. Let o be v(l). Let i = o + 28. List the prime factors of i.
3
What are the prime factors of (51/(-51) + -22)*6074/(-2)?
23, 3037
Suppose 6*z = 3059 + 2047. Let k = -346 + z. List the prime factors of k.
5, 101
Let j be -3 + 4 + 5 + -1. Suppose 2*m + 30 = 3*u + 1, 2*m + 35 = j*u. Let d = m + 47. List the prime factors of d.
37
Let w(k) = -7*k**3 - 2*k**2 + 3*k + 5. Let n = -8 + 14. Suppose -48*y + 51*y + n = 0. List the prime factors of w(y).
47
Let x = -7 - -9. Let f = -146 + 146. Suppose -2*t - 100 = -4*p, x*p + f*p + 5*t = 74. What are the prime factors of p?
3
Suppose 4*n = -2*a + 8318, -3*n - 297*a + 296*a = -6239. What are the prime factors of n?
2, 5, 13
Let s = -37 + 40. List the prime factors of -627*((-15)/s)/15.
11, 19
List the prime factors of 173/2*(-262 + 546).
2, 71, 173
Suppose 4*u + 661 - 12841 = 0. Suppose -u = -5*r + t, -2*t = -0*r + 2*r - 1218. What are the prime factors of r?
3, 7, 29
Let b = -10036 + 37467. List the prime factors of b.
27431
Suppose -4*y = -3*f + 243470, -7*y = -8*y - 2. What are the prime factors of f?
2, 40577
Suppose 0 = -3*u - y + 15, -3*y + 2 + 7 = 3*u. Suppose -16*k = -u*k - 6610. What are the prime factors of k?
661
Suppose 3*h + 2886 = 2*m, 0 = -2*h + 4*h - 4. What are the prime factors of m?
2, 3, 241
Suppose 70*j - 66*j - 37391 = 3*n, -4*n - 18678 = -2*j. List the prime factors of j.
47, 199
Suppose -2*s + 63*s = 8906. Let d be (-68)/(-24) + (-1)/(-6). Suppose -3*y = 4*o - 364, -2*y + 125 = -d*o - s. List the prime factors of y.
2
Suppose -453760 = -46*h - 33*h + 85257. What are the prime factors of h?
6823
Let i be -2 + 1842/2 - (0 + 3). What are the prime factors of (-6)/18 + i/12?
2, 19
Suppose 3*q - 4*k - k - 20 = 0, 4*q = -k + 42. Suppose -7*j + 2*j = -q. List the prime factors of ((-33)/j)/(36/(-96)).
2, 11
Suppose -c = -4*q - 7602, 141*q = 4*c + 146*q - 30366. What are the prime factors of c?
2, 3797
Let f be ((-5)/5)/(2/46). Let i(j) = -j**3 - 22*j**2 + 13*j + 19. What are the prime factors of i(f)?
3, 83
Let v(s) = 2*s**2 - 10*s + 2. Let l = -39 - -46. Let f be v(l). Suppose 0 = f*q - 26*q - 284. What are the prime factors of q?
71
Let n(x) = x - 18. Let q be n(8). Let u(v) = v**3 + 8*v**2 - 18*v + 54. List the prime factors of u(q).
2, 17
Let q be (-4)/((2/(-6))/((-1)/(-3))). Suppose 0 = -2*n + 2, -3*c - n + 1008 = -q*n. Let x = c - 238. What are the prime factors of x?
3, 11
Suppose 0 = 3*t - k + 48, 7 = -t - 2*k - 9. Let i = t - -17. List the prime factors of (i + 49)*6/4.
3, 5
Let t be (12 - 6) + 370/2. Suppose 0 = -4*w + 2*j + 494, 3*w + 2*j - 169 - t = 0. List the prime factors of w.
2, 61
Let k(b) = -b**2 - 5*b - 4. Let q be k(-2). Suppose -q*c = -4*c + 14. Let d = 65 + c. List the prime factors of d.
2, 3
Suppose -2*s = 5*j - 50, 0*s - 5*j = -3*s + 50. Let v = 210 - 193. Let y = s + v. List the prime factors of y.
37
Suppose -101 = -3*d - 1574. Let m = d - -303. Let z = m - -300. List the prime factors of z.
2, 7
Let f = 303 + -545. Suppose 3*u - 4*q + 1259 = -63, 0 = -4*q - 16. Let h = f - u. What are the prime factors of h?
2, 3, 17
Let r = -273 - -294. Suppose -r*o + 2*o + 7391 = 0. What are the prime factors of o?
389
Suppose -14424 = 172*t - 184*t. Suppose 4*j - 2*j - 2*p - 812 = 0, -t = -3*j - 5*p. What are the prime factors of j?
2, 101
Let r(j) = 72266*j - 2462. List the prime factors of r(1).
2, 3, 7, 277
Let o = 99 - 96. Let r be ((-32)/48)/(1/o). List the prime factors of (-372)/3*(1 + r).
2, 31
Let i(u) = -4 - 22*u + 3*u + 0*u - 5*u. Let k(p) = -p**2 + 9*p - 3. Let b be k(9). List the prime factors of i(b).
2, 17
Let c be (-1810 + 5)*33/(-55). Suppose -12*x - 2*l - 1089 = -13*x, 5*l + c = x. List the prime factors of x.
1093
Let v(t) = 11*t**2 - 23*t - 112. Let m be v(-21). Suppose 698 + m = 8*r. What are the prime factors of r?
2, 5, 37
Let k(v) = 2*v**2 + 34*v - 33. Let z be k(-18). Suppose 74*a = z*s + 76*a - 3863, -2*s = -5*a - 2607. What are the prime factors of s?
1291
Suppose -36*k + 106020 = -1227924. What are the prime factors of k?
2, 97, 191
Let t be 25*((-1)/4 + 60/48). Suppose 4*v - 2*u - 65 = -7*u, v + 3*u = t. Suppose -m = -6*m - v, 0 = 2*w + 4*m - 200. List the prime factors of w.
2, 13
Suppose 0 = n - 6*q - 59, 0 = 5*n - 9*n + q + 121. Suppose 3*d + 2*d - 970 = 0. Suppose 31*f = n*f + d. List the prime factors of f.
97
Suppose -27*j + 5*j = 13288. Let b = 206 - j. What are the prime factors of b?
2, 3, 5
Let g(p) = -p**2 + 20*p - 33. Let o be g(-16). Let d = 110 - 446. 